at is w(154)?
62
Let h(t) = -t**3 + 1385*t**2 - 36660*t - 174. Calculate h(27).
-12
Let g(p) = 1653*p**2 - 29699*p - 987. Give g(18).
3
Let t(m) = 4*m**2 - 66*m + 174. Give t(4).
-26
Let m(p) = 24*p**2 - 37*p - 8451. Calculate m(-18).
-9
Let o(y) = -499*y**2 + 7099*y - 24863. What is o(8)?
-7
Let f(j) = 66963*j - 47409811. Give f(708).
-7
Let m(q) = -39825*q - 199428. Determine m(-5).
-303
Let m(s) = -23959*s + 239585. Give m(10).
-5
Let o(v) = 295*v - 16796. Give o(58).
314
Let n(h) = -112*h + 14003. What is n(126)?
-109
Let k(d) = -2*d**3 + 66*d**2 - 115*d - 4. What is k(31)?
275
Let n(l) = -l**3 + 17*l**2 - 86*l - 110. What is n(8)?
-222
Let b(l) = 4*l**2 + 634*l - 30835. Calculate b(39).
-25
Let p(q) = -q**3 - 45*q**2 - 16*q - 5487. Calculate p(-47).
-317
Let m(x) = 27*x**3 + 318*x**2 - 302*x - 2775. What is m(-12)?
-15
Let s(b) = 180*b**2 + 8*b - 136. Calculate s(0).
-136
Let p(t) = 145*t + 6098. Calculate p(-41).
153
Let s(k) = -8*k**2 - 563*k - 8531. Calculate s(-22).
-17
Let b(k) = 19770*k - 4388927. Calculate b(222).
13
Let h(o) = -74*o**2 - 15169*o + 205. Give h(-205).
0
Let y(l) = 2*l**2 - 1047*l - 128326. What is y(626)?
4
Let n(u) = 2*u**2 + 129*u - 1273. What is n(-73)?
-32
Let v(r) = r**2 - 4071*r - 168596. Calculate v(-41).
-4
Let k(q) = -1829*q - 1282203. Determine k(-701).
-74
Let c(n) = n**2 + 257*n + 4651. What is c(-237)?
-89
Let b(i) = 31*i**2 - 124*i + 412. Determine b(3).
319
Let w(i) = -1966*i - 418864. Determine w(-213).
-106
Let d(c) = -3*c**3 - 6*c**2 - 90*c - 399. What is d(-4)?
57
Let l(k) = 4*k**2 + 328*k + 5781. Give l(-28).
-267
Let j(r) = -7*r**3 - 62*r**2 - 26*r - 9. Calculate j(-6).
-573
Let s(b) = 258902*b - 2071128. What is s(8)?
88
Let f(m) = -10648*m - 436572. Give f(-41).
-4
Let l(n) = -4*n**2 - 181*n - 2084. What is l(-22)?
-38
Let u(z) = 5021*z - 39608. Determine u(8).
560
Let f(s) = -5*s**2 - 93739*s + 2628604. Determine f(28).
-8
Let c(k) = 30*k**3 - 2*k**2 - 429*k + 1710. Calculate c(4).
1882
Let y(w) = -12948*w + 2965096. What is y(229)?
4
Let f(r) = -4*r**3 - r**2 + 78*r - 9. What is f(7)?
-884
Let u(f) = 30239*f + 332641. What is u(-11)?
12
Let d(f) = 25*f**3 - 11*f**2 + 47*f - 10. Give d(4).
1602
Let f(r) = -51*r**2 + 24987*r + 1284. Determine f(490).
-186
Let y(w) = 1538*w + 9438. Give y(-6).
210
Let x(p) = -223951*p + 3135297. Calculate x(14).
-17
Let d(z) = 6743*z + 40491. Determine d(-6).
33
Let b(c) = c**3 - 126*c**2 - 139*c + 292. Give b(127).
-1232
Let s(p) = -1660*p + 78220. What is s(47)?
200
Let g(o) = -3*o**3 - 240*o**2 + 1019*o + 35. Calculate g(-84).
-889
Let m(b) = 6*b**3 + b**2 - 584*b + 43. Calculate m(-10).
-17
Let n(r) = r**2 - 9327*r + 537427. Give n(58).
-175
Let t(k) = -k**3 - 36*k**2 + 46*k - 475. What is t(-38)?
665
Let l(q) = -593*q - 204. Calculate l(0).
-204
Let b(f) = 196*f**2 + 76119*f + 27559. What is b(-388)?
11
Let z(r) = 288270*r + 288380. Determine z(-1).
110
Let r(l) = -22*l**3 + 2289*l**2 - 99*l - 658. What is r(104)?
-138
Let m(j) = -9*j**3 - 10*j**2 - 19*j + 11. Give m(-5).
981
Let p(f) = -459*f + 45484. Determine p(104).
-2252
Let m(b) = 1428*b**2 - 360*b - 356. What is m(-1)?
1432
Let o(g) = g**3 + g**2 + 27*g + 168. What is o(9)?
1221
Let f(y) = 13*y**2 + 163*y - 7527. Determine f(-33).
1251
Let d(z) = -3249*z + 50981. What is d(16)?
-1003
Let q(r) = 5102*r - 178575. Give q(35).
-5
Let n(g) = -g**3 - 328*g**2 - 352*g - 8191. Calculate n(-327).
-16
Let z(f) = -3484*f + 62736. Calculate z(18).
24
Let m(k) = 2*k**2 + 55*k - 1907. Give m(24).
565
Let w(z) = 3141*z - 141333. Calculate w(45).
12
Let a(d) = -9886*d + 98856. Calculate a(10).
-4
Let g(j) = 4995*j - 158. Determine g(0).
-158
Let m(l) = -21*l**2 - 129*l + 2450. Give m(8).
74
Let m(o) = 13*o**2 - 824*o + 5366. Calculate m(56).
-10
Let q(k) = 104*k**2 + 23*k - 89. What is q(3)?
916
Let o(m) = -m**2 + 115*m - 4116. Calculate o(52).
-840
Let b(t) = -t**3 - 517*t**2 - 1067*t - 56. What is b(-2)?
18
Let n(z) = 118*z - 178. What is n(-6)?
-886
Let s(b) = 206*b**3 - 8628*b**2 - 1013*b + 179. Calculate s(42).
-31
Let p(n) = 617*n + 11717. Give p(-19).
-6
Let v(b) = 2*b**2 - 72*b + 1007. Calculate v(18).
359
Let g(q) = -q**3 - 38*q**2 + 44*q - 1418. Determine g(-40).
22
Let c(d) = -d**3 - 86*d**2 - 52*d + 3277. What is c(-85)?
472
Let j(x) = 757*x + 17566. Give j(-23).
155
Let h(s) = -158*s - 28. Calculate h(-5).
762
Let w(g) = -g**3 - 3*g**2 - 6*g + 92. Calculate w(5).
-138
Let q(y) = 237*y - 24975. Calculate q(104).
-327
Let t(u) = -10*u**2 - 4533*u + 89738. Determine t(19).
1
Let c(o) = 165*o**2 + 11027*o + 19630. What is c(-65)?
0
Let r(h) = 297*h**2 - 118801*h + 399. Determine r(400).
-1
Let u(j) = -3*j**2 + 497*j + 1147. Give u(168).
-29
Let r(s) = s**2 + 94*s + 1595. What is r(-65)?
-290
Let q(g) = g**2 - 17093*g + 102507. Determine q(6).
-15
Let m(p) = -p**2 - 51*p + 802. Determine m(-62).
120
Let a(z) = -337*z**3 + 3372*z**2 - 28*z + 178. Determine a(10).
98
Let d(v) = -v**3 - 16*v**2 + 2999*v + 30803. Give d(-10).
213
Let p(v) = -1158*v - 69594. Determine p(-61).
1044
Let v(z) = -3*z**3 - 96*z**2 - 46*z - 444. Calculate v(-32).
1028
Let g(o) = 253327*o + 1266640. What is g(-5)?
5
Let q(d) = 65584*d - 196731. Calculate q(3).
21
Let c(f) = -1540*f + 200317. Calculate c(130).
117
Let i(b) = 8174*b - 433229. Give i(53).
-7
Let o(s) = 17*s**3 - 99*s**2 + 995*s - 6094. Calculate o(6).
-16
Let d(u) = -238*u + 8660. Give d(32).
1044
Let l(k) = 36*k**2 - 194*k + 92. Calculate l(7).
498
Let o(j) = 25*j**2 + 1707*j + 477. Give o(-68).
1
Let d(t) = -6*t**2 - 14*t + 953. Give d(10).
213
Let p(u) = 11*u**3 - 60*u**2 - 19*u - 12. What is p(5)?
-232
Let n(o) = o**3 - 748*o**2 - 1500*o - 1. What is n(-2)?
-1
Let a(h) = h**3 + 573*h**2 - 47164*h + 277. Give a(73).
-161
Let d(c) = -c**3 - 237*c**2 + 2464*c + 67. Determine d(10).
7
Let k(f) = -19230*f - 96168. Give k(-5).
-18
Let i(y) = -227*y**2 - 493*y - 498. Give i(-1).
-232
Let n(c) = 17687*c + 1114240. Give n(-63).
-41
Let z(v) = -15*v - 1052. What is z(-39)?
-467
Let v(b) = 33201*b + 66390. What is v(-2)?
-12
Let h(f) = -13*f**3 + 310*f**2 - 744*f + 19016. Determine h(24).
8
Let d(o) = 1262*o - 17593. Give d(14).
75
Let j(t) = 2*t**3 + 574*t**2 - 251429*t - 522. Calculate j(-526).
4
Let o(l) = 6*l**2 - 170*l - 2931. Calculate o(40).
-131
Let x(a) = 204*a**3 - 815*a**2 + 26*a - 136. Give x(4).
-16
Let h(p) = p**2 - 137*p + 3847. Give h(98).
25
Let p(x) = -155*x**2 + 1236*x + 5. Give p(8).
-27
Let u(a) = -4*a**2 - 130*a + 139. What is u(-39)?
-875
Let v(u) = -u**3 + 1032*u**2 + 2923*u - 549. What is v(-3)?
-3
Let l(s) = 284032*s + 3408373. Calculate l(-12).
-11
Let f(c) = -2413154*c + 2413155. Give f(1).
1
Let y(n) = 16*n**2 - 31*n - 1030. Give y(9).
-13
Let y(c) = 53503*c + 374533. Give y(-7).
12
Let b(x) = 1707*x + 863. Calculate b(-2).
-2551
Let m(z) = -686*z + 78425. Give m(114).
221
Let h(i) = -10*i**2 - 614*i + 1799. Determine h(-64).
135
Let d(y) = 418*y + 2649. Give d(-4).
977
Let q(g) = -g**3 - 3*g**2 + 439*g + 1302. What is q(-3)?
-15
Let w(t) = 2*t**3 - 4*t**2 - 718*t + 29. Give w(-18).
-7
Let p(g) = -434*g + 108133. Determine p(248).
501
Let o(k) = -k**2 + 6165*k + 43168. Calculate o(-7).
-36
Let h(k) = k**3 - 11*k**2 - 23*k + 102. Give h(13).
141
Let g(x) = -13970*x - 1201409. Determine g(-86).
11
Let w(i) = -232*i**2 - 6040*i - 207. Determine w(-26).
1
Let r(a) = a**2 - 367*a + 34776. Determine r(179).
1124
Let g(h) = 734*h + 21300. Determine g(-29).
14
Let l(k) = 190*k + 4133. Determine l(-27).
-997
Let v(q) = -4225*q + 232200. What is v(55)?
-175
Let a(b) = -b**2 + 4048*b + 188329. Determine a(-46).
5
Let t(v) = -v**3 + 9*v**2 - 319*v + 1843. Calculate t(6).
37
Let p(u) = 13*u**2 + 4079*u - 44931. Determine p(11).
1511
Let r(j) = -3*j**3 - 132*j**2 + 62*j - 196. Give r(-45).
3089
Let k(y) = 13197*y**2 - 79182*y + 5. Determine k(6).
5
Let w(l) = -l**3 + 19*l**2 - 47*l + 53. Determine w(7).
312
Let s(o) = -o**2 + 2866*o + 86731. What is s(-30)?
-149
Let u(f) = -60094*f + 120243. Determine u(2).
55
Let x(v) = 2*v**3 + 492*v**2 + 493*v + 3898. What is x(-245)?
3163
Let k(f) = -6*f**3 - 51*f**2 + 2740*f + 259. Determine k(-26).
-1
Let c(o) = -o**2 - 192*o + 2894. Give c(15).
-211
Let u(k) = 2*k**2 + 40234*k + 6227820. What is u(-156)?
-12
Let b(f) =